{"id":306,"date":"2026-01-08T16:48:01","date_gmt":"2026-01-08T16:48:01","guid":{"rendered":"https:\/\/techonload.com\/?post_type=product&#038;p=306"},"modified":"2026-01-08T16:48:01","modified_gmt":"2026-01-08T16:48:01","slug":"mallas-para-pisos-flotantes-malla-wlfh-2m2-m2","status":"publish","type":"product","link":"https:\/\/techonload.com\/?product=mallas-para-pisos-flotantes-malla-wlfh-2m2-m2","title":{"rendered":"MALLAS PARA PISOS FLOTANTES MALLA WLFH 2M2 m2"},"content":{"rendered":"<h3><img decoding=\"async\" class=\"alignnone size-medium wp-image-307 lazyload\" data-src=\"http:\/\/techonload.com\/wp-content\/uploads\/2026\/01\/MALLADECALEFACCION_WARMUP_WLFH-2M2_PALOALTO_CAT01-300x300.jpg\" alt=\"\" width=\"300\" height=\"300\" src=\"data:image\/svg+xml;base64,PHN2ZyB3aWR0aD0iMSIgaGVpZ2h0PSIxIiB4bWxucz0iaHR0cDovL3d3dy53My5vcmcvMjAwMC9zdmciPjwvc3ZnPg==\" style=\"--smush-placeholder-width: 300px; --smush-placeholder-aspect-ratio: 300\/300;\" \/><\/h3>\n<h3>\u00bfPara qu\u00e9 est\u00e1 dise\u00f1ada la malla radiante WLFH?<\/h3>\n<p>La malla WLFH es compatible con la mayor\u00eda de los suelos de vinilo, moqueta, madera y otros suelos flotantes. F\u00e1cil de instalar, el dise\u00f1o de la malla proporciona una distribuci\u00f3n uniforme del calor evitando puntos fr\u00edos y calientes. Las propiedades t\u00e9rmicas de la hoja de aluminio reforzada utilizada en la malla ayudan a distribuir el calor de manera uniforme. El sistema se puede usar como fuente de calefacci\u00f3n primaria<br \/>\nEl sistema de calefacci\u00f3n WLFH est\u00e1 optimizado para su uso debajo de suelos de madera o laminado flotante, las mallas se instalan como una aplicaci\u00f3n directa, sin necesidad de solera de regularizaci\u00f3n. Es un sistema super delgado que no eleva los niveles del suelo.<\/p>\n<h3>Malla radiante para laminados WLFH<\/h3>\n<p>Con este vers\u00e1til sistema, el suelo final puede ser levantado y reemplazado con un nuevo acabado, si se desea redecorar o renovar en el futuro.<br \/>\nLa malla radiante WLFH est\u00e1 compuesta de un delgado cable multifilar de doble n\u00facleo aislado con un fluoropol\u00edmero avanzado envuelto en una hoja de aluminio reforzado con fibra de vidrio.<br \/>\nEn algunos casos, tendr\u00e1 que cortar, girar y voltear la malla para adaptarla a la estancia. Abajo podr\u00e1 leer m\u00e1s sobre la instalaci\u00f3n del sistema.<\/p>\n","protected":false},"excerpt":{"rendered":"<p>\u00bfPara qu\u00e9 est\u00e1 dise\u00f1ada la malla radiante WLFH? La malla WLFH es compatible con la mayor\u00eda de los suelos de vinilo, moqueta, madera y otros suelos flotantes. F\u00e1cil de instalar, el dise\u00f1o de la malla proporciona una distribuci\u00f3n uniforme del calor evitando puntos fr\u00edos y calientes. Las propiedades t\u00e9rmicas de la hoja de aluminio reforzada [&hellip;]<\/p>\n","protected":false},"featured_media":307,"comment_status":"open","ping_status":"closed","template":"","meta":{"_et_pb_use_builder":"","_et_pb_old_content":"","_et_gb_content_width":"","pagelayer_contact_templates":[],"_pagelayer_content":""},"product_brand":[],"product_cat":[19],"product_tag":[27,25],"class_list":{"0":"post-306","1":"product","2":"type-product","3":"status-publish","4":"has-post-thumbnail","6":"product_cat-hardaware-security","7":"product_tag-floor","8":"product_tag-security","10":"first","11":"instock","12":"sale","13":"shipping-taxable","14":"purchasable","15":"product-type-simple"},"_links":{"self":[{"href":"https:\/\/techonload.com\/index.php?rest_route=\/wp\/v2\/product\/306","targetHints":{"allow":["GET"]}}],"collection":[{"href":"https:\/\/techonload.com\/index.php?rest_route=\/wp\/v2\/product"}],"about":[{"href":"https:\/\/techonload.com\/index.php?rest_route=\/wp\/v2\/types\/product"}],"replies":[{"embeddable":true,"href":"https:\/\/techonload.com\/index.php?rest_route=%2Fwp%2Fv2%2Fcomments&post=306"}],"wp:featuredmedia":[{"embeddable":true,"href":"https:\/\/techonload.com\/index.php?rest_route=\/wp\/v2\/media\/307"}],"wp:attachment":[{"href":"https:\/\/techonload.com\/index.php?rest_route=%2Fwp%2Fv2%2Fmedia&parent=306"}],"wp:term":[{"taxonomy":"product_brand","embeddable":true,"href":"https:\/\/techonload.com\/index.php?rest_route=%2Fwp%2Fv2%2Fproduct_brand&post=306"},{"taxonomy":"product_cat","embeddable":true,"href":"https:\/\/techonload.com\/index.php?rest_route=%2Fwp%2Fv2%2Fproduct_cat&post=306"},{"taxonomy":"product_tag","embeddable":true,"href":"https:\/\/techonload.com\/index.php?rest_route=%2Fwp%2Fv2%2Fproduct_tag&post=306"}],"curies":[{"name":"wp","href":"https:\/\/api.w.org\/{rel}","templated":true}]}}